{"id":119,"date":"2018-05-09T07:32:58","date_gmt":"2018-05-09T07:32:58","guid":{"rendered":"http:\/\/www.architempo.net\/design\/?page_id=119"},"modified":"2018-05-09T07:34:54","modified_gmt":"2018-05-09T07:34:54","slug":"design-urbanites","status":"publish","type":"page","link":"https:\/\/www.architempo.net\/innovation\/publications\/collection-design\/design-urbanites\/","title":{"rendered":"Design &#038; Urbanit\u00e9s"},"content":{"rendered":"<div class=\"margin-top-sml\"><b class=\"font-little-bigger\">Auteur(s): <\/b>Fanni Michel<\/div>\n<div class=\"margin-top-sml nt-small-content\">\n<div class=\"nt-small-content-fader\"><\/div>\n<p><strong>Vers une Ergonomie Urbaine. Concevoir la Ville autour de l\u2019Homme<\/strong><\/p>\n<p>Si l\u2019Homme a produit la Ville pour son propre usage, celle-ci peine manifestement \u00e0 r\u00e9pondre \u00e0 ses besoins. Pourtant, Homme et Ville ne forment qu\u2019un seul sujet. Mais entre \u00abLa Ville &amp; l\u2019Homme\u00bb et \u00abl\u2019Homme &amp; la Ville\u00bb se distinguent deux philosophies d\u2019am\u00e9nagement diam\u00e9tralement oppos\u00e9es.<\/p>\n<p>Depuis trop longtemps, l\u2019approche \u00abVille\u00bb privil\u00e9gie une production formaliste sans se pr\u00e9occuper des attentes profondes de ses habitants. Place au bon sens : celui de concevoir la ville autour de l\u2019Homme. Design &amp; Urbanit\u00e9s en explore toutes les pistes et offre des solutions r\u00e9alistes donc r\u00e9alisables.<\/p>\n<p>En outre, cet ouvrage constitue une sorte d\u2019appel \u00e0 manifestation d\u2019int\u00e9r\u00eat informel pour la cr\u00e9ation d\u2019un groupe de r\u00e9flexion pluridisciplinaire visant dans un premier temps \u00e0 mettre en d\u00e9bat les propositions avanc\u00e9es et construire une programmation d\u00e9taill\u00e9e d\u2019enseignement.<\/p>\n<p>Dans ce sch\u00e9ma de formation, les \u00e9tudiants aborderaient des sujets concrets en partenariat avec des professionnels,\u00a0 et en th\u00e9oriseraient les apports. Ensuite, ils les formaliseraient sous forme de cours qu\u2019ils pr\u00e9senteraient devant des jurys d\u2019enseignants et de professionnels, les meilleures productions alimentant une plateforme de MOOC.<\/p>\n<p>Le fil conducteur permettrait de construire une vision urbaine, une philosophie d\u2019action, de comprendre les processus conduisant \u00e0 l\u2019\u00e9mergence de strat\u00e9gies d\u2019am\u00e9nagement et de valorisation urbaine, de d\u00e9finir de fa\u00e7on syst\u00e9mique et dynamique des programmations urbaines\u00a0; bref de construire la ville durable autour de l\u2019Homme.<\/p>\n<p><img loading=\"lazy\" decoding=\"async\" class=\"alignnone size-full wp-image-113\" src=\"http:\/\/www.architempo.net\/design\/wp-content\/uploads\/2018\/05\/Design__Urbanit\u00e9s_COVER_3D-small.png\" alt=\"\" width=\"720\" height=\"720\" srcset=\"https:\/\/www.architempo.net\/innovation\/wp-content\/uploads\/2018\/05\/Design__Urbanit\u00e9s_COVER_3D-small.png 720w, https:\/\/www.architempo.net\/innovation\/wp-content\/uploads\/2018\/05\/Design__Urbanit\u00e9s_COVER_3D-small-150x150.png 150w, https:\/\/www.architempo.net\/innovation\/wp-content\/uploads\/2018\/05\/Design__Urbanit\u00e9s_COVER_3D-small-300x300.png 300w, https:\/\/www.architempo.net\/innovation\/wp-content\/uploads\/2018\/05\/Design__Urbanit\u00e9s_COVER_3D-small-100x100.png 100w, https:\/\/www.architempo.net\/innovation\/wp-content\/uploads\/2018\/05\/Design__Urbanit\u00e9s_COVER_3D-small-200x200.png 200w, https:\/\/www.architempo.net\/innovation\/wp-content\/uploads\/2018\/05\/Design__Urbanit\u00e9s_COVER_3D-small-450x450.png 450w, https:\/\/www.architempo.net\/innovation\/wp-content\/uploads\/2018\/05\/Design__Urbanit\u00e9s_COVER_3D-small-600x600.png 600w\" sizes=\"auto, (max-width: 720px) 100vw, 720px\" \/><\/p>\n<p><a href=\"https:\/\/www.diekeure.be\/fr-be\/professional\/8650\/design-urbanites\">https:\/\/www.diekeure.be\/fr-be\/professional\/8650\/design-urbanites<\/a><\/p>\n<\/div>\n","protected":false},"excerpt":{"rendered":"<p>Auteur(s): Fanni Michel Vers une Ergonomie Urbaine. Concevoir la Ville autour de l\u2019Homme Si l\u2019Homme a produit la Ville pour son propre usage, celle-ci peine manifestement \u00e0 r\u00e9pondre \u00e0 ses besoins. Pourtant, Homme et Ville ne forment qu\u2019un seul sujet. &hellip;<\/p>\n<p class=\"read-more\"> <a class=\"more-link\" href=\"https:\/\/www.architempo.net\/innovation\/publications\/collection-design\/design-urbanites\/\"> <span class=\"screen-reader-text\">Design &#038; Urbanit\u00e9s<\/span> Read More &raquo;<\/a><\/p>\n","protected":false},"author":1,"featured_media":0,"parent":41,"menu_order":0,"comment_status":"closed","ping_status":"closed","template":"","meta":{"footnotes":""},"class_list":["post-119","page","type-page","status-publish","hentry"],"_links":{"self":[{"href":"https:\/\/www.architempo.net\/innovation\/wp-json\/wp\/v2\/pages\/119","targetHints":{"allow":["GET"]}}],"collection":[{"href":"https:\/\/www.architempo.net\/innovation\/wp-json\/wp\/v2\/pages"}],"about":[{"href":"https:\/\/www.architempo.net\/innovation\/wp-json\/wp\/v2\/types\/page"}],"author":[{"embeddable":true,"href":"https:\/\/www.architempo.net\/innovation\/wp-json\/wp\/v2\/users\/1"}],"replies":[{"embeddable":true,"href":"https:\/\/www.architempo.net\/innovation\/wp-json\/wp\/v2\/comments?post=119"}],"version-history":[{"count":3,"href":"https:\/\/www.architempo.net\/innovation\/wp-json\/wp\/v2\/pages\/119\/revisions"}],"predecessor-version":[{"id":122,"href":"https:\/\/www.architempo.net\/innovation\/wp-json\/wp\/v2\/pages\/119\/revisions\/122"}],"up":[{"embeddable":true,"href":"https:\/\/www.architempo.net\/innovation\/wp-json\/wp\/v2\/pages\/41"}],"wp:attachment":[{"href":"https:\/\/www.architempo.net\/innovation\/wp-json\/wp\/v2\/media?parent=119"}],"curies":[{"name":"wp","href":"https:\/\/api.w.org\/{rel}","templated":true}]}}